{"id":389,"date":"2023-07-24T07:55:29","date_gmt":"2023-07-24T07:55:29","guid":{"rendered":"https:\/\/carnisseriavilafranca.com\/comprar\/"},"modified":"2024-01-11T14:53:15","modified_gmt":"2024-01-11T14:53:15","slug":"comprar","status":"publish","type":"page","link":"https:\/\/carnisseriavilafranca.com\/es\/comprar\/","title":{"rendered":"Comprar"},"content":{"rendered":"<p>[et_pb_section fb_built=\u00bb1&#8243; _builder_version=\u00bb4.21.0&#8243; _module_preset=\u00bbdefault\u00bb global_colors_info=\u00bb{}\u00bb][et_pb_row column_structure=\u00bb1_2,1_2&#8243; _builder_version=\u00bb4.21.0&#8243; _module_preset=\u00bbdefault\u00bb global_colors_info=\u00bb{}\u00bb][et_pb_column type=\u00bb1_2&#8243; _builder_version=\u00bb4.21.0&#8243; _module_preset=\u00bbdefault\u00bb global_colors_info=\u00bb{}\u00bb][et_pb_text _builder_version=\u00bb4.21.0&#8243; _module_preset=\u00bbdefault\u00bb custom_padding=\u00bb||45px|||\u00bb global_colors_info=\u00bb{}\u00bb]<\/p>\n<h1>C\u00f3mo comprar desde casa<\/h1>\n<p>[\/et_pb_text][et_pb_blurb title=\u00bbWhatsapp\u00bb use_icon=\u00bbon\u00bb font_icon=\u00bb&#xf40c;||fa||400&#8243; icon_color=\u00bb#DC5153&#8243; icon_placement=\u00bbleft\u00bb _builder_version=\u00bb4.21.0&#8243; _module_preset=\u00bbdefault\u00bb link_option_url=\u00bbhttps:\/\/wa.me\/34675748783&#8243; link_option_url_new_window=\u00bbon\u00bb global_colors_info=\u00bb{}\u00bb]<\/p>\n<p>Haz el pedido a trav\u00e9s del WhatsApp en el n\u00famero <a href=\"https:\/\/wa.me\/34675748783\" target=\"_blank\" rel=\"noopener\">675 74 87 83<\/a><\/p>\n<p>[\/et_pb_blurb][et_pb_blurb title=\u00bbTel\u00e9fono\u00bb use_icon=\u00bbon\u00bb font_icon=\u00bb&#xf879;||fa||900&#8243; icon_color=\u00bb#DC5153&#8243; icon_placement=\u00bbleft\u00bb _builder_version=\u00bb4.21.0&#8243; _module_preset=\u00bbdefault\u00bb link_option_url=\u00bbhttps:\/\/wa.me\/34675748783&#8243; link_option_url_new_window=\u00bbon\u00bb hover_enabled=\u00bb0&#8243; global_colors_info=\u00bb{}\u00bb sticky_enabled=\u00bb0&#8243;]<\/p>\n<p>Ll\u00e1manos a trav\u00e9s del n\u00famero: <a href=\"tel:34938923202\" target=\"_blank\" rel=\"noopener\">938 92 32 02<\/a><\/p>\n<p>[\/et_pb_blurb][\/et_pb_column][et_pb_column type=\u00bb1_2&#8243; _builder_version=\u00bb4.21.0&#8243; _module_preset=\u00bbdefault\u00bb global_colors_info=\u00bb{}\u00bb][et_pb_image src=\u00bbhttps:\/\/carnisseriavilafranca.com\/wp-content\/uploads\/2023\/07\/Com-comprar-Carnisseria-Xarcuteria-Vilafranca-e1690189355180.jpg\u00bb title_text=\u00bbC\u00f3mo comprar Carnisseria Xarcuteria Vilafranca\u00bb _builder_version=\u00bb4.21.0&#8243; _module_preset=\u00bbdefault\u00bb global_colors_info=\u00bb{}\u00bb][\/et_pb_image][\/et_pb_column][\/et_pb_row][\/et_pb_section][et_pb_section fb_built=\u00bb1&#8243; _builder_version=\u00bb4.21.0&#8243; _module_preset=\u00bbdefault\u00bb global_colors_info=\u00bb{}\u00bb][et_pb_row column_structure=\u00bb1_2,1_2&#8243; module_id=\u00bbrequadres-pagament\u00bb _builder_version=\u00bb4.21.0&#8243; _module_preset=\u00bbdefault\u00bb global_colors_info=\u00bb{}\u00bb][et_pb_column type=\u00bb1_2&#8243; _builder_version=\u00bb4.21.0&#8243; _module_preset=\u00bbdefault\u00bb global_colors_info=\u00bb{}\u00bb][et_pb_text _builder_version=\u00bb4.21.0&#8243; _module_preset=\u00bbdefault\u00bb background_color=\u00bb#e8e8e8&#8243; custom_padding=\u00bb30px|30px|30px|30px|false|false\u00bb global_colors_info=\u00bb{}\u00bb]<\/p>\n<p><strong>Pago<\/strong><\/p>\n<p>Si solicitas por tel\u00e9fono o WhatsApp, puedes pagar por bizum o en el momento de la entrega.<\/p>\n<p>[\/et_pb_text][\/et_pb_column][et_pb_column type=\u00bb1_2&#8243; _builder_version=\u00bb4.21.0&#8243; _module_preset=\u00bbdefault\u00bb global_colors_info=\u00bb{}\u00bb][et_pb_text _builder_version=\u00bb4.21.0&#8243; _module_preset=\u00bbdefault\u00bb background_color=\u00bb#e8e8e8&#8243; custom_padding=\u00bb30px|30px|30px|30px|false|false\u00bb global_colors_info=\u00bb{}\u00bb]<strong>Recogida en tienda<\/strong><\/p>\n<p>De lunes a viernes de 9 a 13.30 y de 17 a 20.30h.<br \/>\nS\u00e1bados de 8.30 a 14h.[\/et_pb_text][\/et_pb_column][\/et_pb_row][\/et_pb_section][et_pb_section fb_built=\u00bb1&#8243; _builder_version=\u00bb4.21.0&#8243; _module_preset=\u00bbdefault\u00bb custom_padding=\u00bb||90px|||\u00bb global_colors_info=\u00bb{}\u00bb][et_pb_row column_structure=\u00bb1_2,1_2&#8243; _builder_version=\u00bb4.21.0&#8243; _module_preset=\u00bbdefault\u00bb global_colors_info=\u00bb{}\u00bb][et_pb_column type=\u00bb1_2&#8243; _builder_version=\u00bb4.21.0&#8243; _module_preset=\u00bbdefault\u00bb global_colors_info=\u00bb{}\u00bb][et_pb_code _builder_version=\u00bb4.21.0&#8243; _module_preset=\u00bbdefault\u00bb global_colors_info=\u00bb{}\u00bb]<iframe src=\"https:\/\/www.google.com\/maps\/embed?pb=!1m14!1m8!1m3!1d11981.157494720335!2d1.6982247!3d41.3460636!3m2!1i1024!2i768!4f13.1!3m3!1m2!1s0x12a4798bb7ce4b9f%3A0x853f41d6af94eece!2sCarnisseria%20Vilafranca!5e0!3m2!1sca!2ses!4v1690189489611!5m2!1sca!2ses\" width=\"600\" height=\"450\" style=\"border:0;\" allowfullscreen=\"\" loading=\"lazy\" referrerpolicy=\"no-referrer-when-downgrade\"><\/iframe>[\/et_pb_code][\/et_pb_column][et_pb_column type=\u00bb1_2&#8243; _builder_version=\u00bb4.21.0&#8243; _module_preset=\u00bbdefault\u00bb global_colors_info=\u00bb{}\u00bb][et_pb_text _builder_version=\u00bb4.21.0&#8243; _module_preset=\u00bbdefault\u00bb custom_padding=\u00bb||0px|||\u00bb global_colors_info=\u00bb{}\u00bb]<\/p>\n<h1>VEN A LA TIENDA Y COMPRA EN PERSONA<\/h1>\n<p>&nbsp;<\/p>\n<p>[\/et_pb_text][et_pb_blurb use_icon=\u00bbon\u00bb font_icon=\u00bb&#xe081;||divi||400&#8243; icon_color=\u00bb#DC5153&#8243; icon_placement=\u00bbleft\u00bb _builder_version=\u00bb4.21.0&#8243; _module_preset=\u00bbdefault\u00bb global_colors_info=\u00bb{}\u00bb]<\/p>\n<p>Pla\u00e7a de Sant Joan, 14 08720 Vilafranca del Pened\u00e8s<\/p>\n<p>[\/et_pb_blurb][et_pb_blurb use_icon=\u00bbon\u00bb font_icon=\u00bb&#xf40c;||fa||400&#8243; icon_color=\u00bb#DC5153&#8243; icon_placement=\u00bbleft\u00bb _builder_version=\u00bb4.21.0&#8243; _module_preset=\u00bbdefault\u00bb global_colors_info=\u00bb{}\u00bb]<\/p>\n<p>675 74 87 83<\/p>\n<p>[\/et_pb_blurb][et_pb_blurb use_icon=\u00bbon\u00bb font_icon=\u00bb&#xf87b;||fa||900&#8243; icon_color=\u00bb#DC5153&#8243; icon_placement=\u00bbleft\u00bb _builder_version=\u00bb4.21.0&#8243; _module_preset=\u00bbdefault\u00bb global_colors_info=\u00bb{}\u00bb]<\/p>\n<p>938 92 32 02<\/p>\n<p>[\/et_pb_blurb][et_pb_blurb use_icon=\u00bbon\u00bb font_icon=\u00bb&#xf073;||fa||900&#8243; icon_color=\u00bb#DC5153&#8243; icon_placement=\u00bbleft\u00bb _builder_version=\u00bb4.21.0&#8243; _module_preset=\u00bbdefault\u00bb global_colors_info=\u00bb{}\u00bb]<\/p>\n<p>De lunes a viernes De 9 a 13.30 i de 17.00 a 20.30h<\/p>\n<p>S\u00e1bados de 8.30 a 14.00<\/p>\n<p>[\/et_pb_blurb][\/et_pb_column][\/et_pb_row][\/et_pb_section]<\/p>\n","protected":false},"excerpt":{"rendered":"<p>C\u00f3mo comprar desde casaHaz el pedido a trav\u00e9s del WhatsApp en el n\u00famero 675 74 87 83Ll\u00e1manos a trav\u00e9s del n\u00famero: 938 92 32 02Pago Si solicitas por tel\u00e9fono o WhatsApp, puedes pagar por bizum o en el momento de la entrega.Recogida en tienda De lunes a viernes de 9 a 13.30 y de 17 [&hellip;]<\/p>\n","protected":false},"author":1,"featured_media":0,"parent":0,"menu_order":0,"comment_status":"closed","ping_status":"closed","template":"","meta":{"_et_pb_use_builder":"on","_et_pb_old_content":"","_et_gb_content_width":"","footnotes":""},"dipi_cpt_category":[],"class_list":["post-389","page","type-page","status-publish","hentry"],"_links":{"self":[{"href":"https:\/\/carnisseriavilafranca.com\/es\/wp-json\/wp\/v2\/pages\/389","targetHints":{"allow":["GET"]}}],"collection":[{"href":"https:\/\/carnisseriavilafranca.com\/es\/wp-json\/wp\/v2\/pages"}],"about":[{"href":"https:\/\/carnisseriavilafranca.com\/es\/wp-json\/wp\/v2\/types\/page"}],"author":[{"embeddable":true,"href":"https:\/\/carnisseriavilafranca.com\/es\/wp-json\/wp\/v2\/users\/1"}],"replies":[{"embeddable":true,"href":"https:\/\/carnisseriavilafranca.com\/es\/wp-json\/wp\/v2\/comments?post=389"}],"version-history":[{"count":6,"href":"https:\/\/carnisseriavilafranca.com\/es\/wp-json\/wp\/v2\/pages\/389\/revisions"}],"predecessor-version":[{"id":532,"href":"https:\/\/carnisseriavilafranca.com\/es\/wp-json\/wp\/v2\/pages\/389\/revisions\/532"}],"wp:attachment":[{"href":"https:\/\/carnisseriavilafranca.com\/es\/wp-json\/wp\/v2\/media?parent=389"}],"wp:term":[{"taxonomy":"dipi_cpt_category","embeddable":true,"href":"https:\/\/carnisseriavilafranca.com\/es\/wp-json\/wp\/v2\/dipi_cpt_category?post=389"}],"curies":[{"name":"wp","href":"https:\/\/api.w.org\/{rel}","templated":true}]}}

<p>[et_pb_section fb_built=»1&#8243; _builder_version=»4.21.0&#8243; _module_preset=»default» global_colors_info=»{}»][et_pb_row column_structure=»1_2,1_2&#8243; _builder_version=»4.21.0&#8243; _module_preset=»default» global_colors_info=»{}»][et_pb_column type=»1_2&#8243; _builder_version=»4.21.0&#8243; _module_preset=»default» global_colors_info=»{}»][et_pb_text _builder_version=»4.21.0&#8243; _module_preset=»default» custom_padding=»||45px|||» global_colors_info=»{}»]</p>
<h1>Cómo comprar desde casa</h1>
<p>[/et_pb_text][et_pb_blurb title=»Whatsapp» use_icon=»on» font_icon=»&#xf40c;||fa||400&#8243; icon_color=»#DC5153&#8243; icon_placement=»left» _builder_version=»4.21.0&#8243; _module_preset=»default» link_option_url=»https://wa.me/34675748783&#8243; link_option_url_new_window=»on» global_colors_info=»{}»]</p>
<p>Haz el pedido a través del WhatsApp en el número <a href="https://wa.me/34675748783" target="_blank" rel="noopener">675 74 87 83</a></p>
<p>[/et_pb_blurb][et_pb_blurb title=»Teléfono» use_icon=»on» font_icon=»&#xf879;||fa||900&#8243; icon_color=»#DC5153&#8243; icon_placement=»left» _builder_version=»4.21.0&#8243; _module_preset=»default» link_option_url=»https://wa.me/34675748783&#8243; link_option_url_new_window=»on» hover_enabled=»0&#8243; global_colors_info=»{}» sticky_enabled=»0&#8243;]</p>
<p>Llámanos a través del número: <a href="tel:34938923202" target="_blank" rel="noopener">938 92 32 02</a></p>
<p>[/et_pb_blurb][/et_pb_column][et_pb_column type=»1_2&#8243; _builder_version=»4.21.0&#8243; _module_preset=»default» global_colors_info=»{}»][et_pb_image src=»https://carnisseriavilafranca.com/wp-content/uploads/2023/07/Com-comprar-Carnisseria-Xarcuteria-Vilafranca-e1690189355180.jpg» title_text=»Cómo comprar Carnisseria Xarcuteria Vilafranca» _builder_version=»4.21.0&#8243; _module_preset=»default» global_colors_info=»{}»][/et_pb_image][/et_pb_column][/et_pb_row][/et_pb_section][et_pb_section fb_built=»1&#8243; _builder_version=»4.21.0&#8243; _module_preset=»default» global_colors_info=»{}»][et_pb_row column_structure=»1_2,1_2&#8243; module_id=»requadres-pagament» _builder_version=»4.21.0&#8243; _module_preset=»default» global_colors_info=»{}»][et_pb_column type=»1_2&#8243; _builder_version=»4.21.0&#8243; _module_preset=»default» global_colors_info=»{}»][et_pb_text _builder_version=»4.21.0&#8243; _module_preset=»default» background_color=»#e8e8e8&#8243; custom_padding=»30px|30px|30px|30px|false|false» global_colors_info=»{}»]</p>
<p><strong>Pago</strong></p>
<p>Si solicitas por teléfono o WhatsApp, puedes pagar por bizum o en el momento de la entrega.</p>
<p>[/et_pb_text][/et_pb_column][et_pb_column type=»1_2&#8243; _builder_version=»4.21.0&#8243; _module_preset=»default» global_colors_info=»{}»][et_pb_text _builder_version=»4.21.0&#8243; _module_preset=»default» background_color=»#e8e8e8&#8243; custom_padding=»30px|30px|30px|30px|false|false» global_colors_info=»{}»]<strong>Recogida en tienda</strong></p>
<p>De lunes a viernes de 9 a 13.30 y de 17 a 20.30h.<br />
Sábados de 8.30 a 14h.[/et_pb_text][/et_pb_column][/et_pb_row][/et_pb_section][et_pb_section fb_built=»1&#8243; _builder_version=»4.21.0&#8243; _module_preset=»default» custom_padding=»||90px|||» global_colors_info=»{}»][et_pb_row column_structure=»1_2,1_2&#8243; _builder_version=»4.21.0&#8243; _module_preset=»default» global_colors_info=»{}»][et_pb_column type=»1_2&#8243; _builder_version=»4.21.0&#8243; _module_preset=»default» global_colors_info=»{}»][et_pb_code _builder_version=»4.21.0&#8243; _module_preset=»default» global_colors_info=»{}»]<iframe src="https://www.google.com/maps/embed?pb=!1m14!1m8!1m3!1d11981.157494720335!2d1.6982247!3d41.3460636!3m2!1i1024!2i768!4f13.1!3m3!1m2!1s0x12a4798bb7ce4b9f%3A0x853f41d6af94eece!2sCarnisseria%20Vilafranca!5e0!3m2!1sca!2ses!4v1690189489611!5m2!1sca!2ses" width="600" height="450" style="border:0;" allowfullscreen="" loading="lazy" referrerpolicy="no-referrer-when-downgrade"></iframe>[/et_pb_code][/et_pb_column][et_pb_column type=»1_2&#8243; _builder_version=»4.21.0&#8243; _module_preset=»default» global_colors_info=»{}»][et_pb_text _builder_version=»4.21.0&#8243; _module_preset=»default» custom_padding=»||0px|||» global_colors_info=»{}»]</p>
<h1>VEN A LA TIENDA Y COMPRA EN PERSONA</h1>
<p>&nbsp;</p>
<p>[/et_pb_text][et_pb_blurb use_icon=»on» font_icon=»&#xe081;||divi||400&#8243; icon_color=»#DC5153&#8243; icon_placement=»left» _builder_version=»4.21.0&#8243; _module_preset=»default» global_colors_info=»{}»]</p>
<p>Plaça de Sant Joan, 14 08720 Vilafranca del Penedès</p>
<p>[/et_pb_blurb][et_pb_blurb use_icon=»on» font_icon=»&#xf40c;||fa||400&#8243; icon_color=»#DC5153&#8243; icon_placement=»left» _builder_version=»4.21.0&#8243; _module_preset=»default» global_colors_info=»{}»]</p>
<p>675 74 87 83</p>
<p>[/et_pb_blurb][et_pb_blurb use_icon=»on» font_icon=»&#xf87b;||fa||900&#8243; icon_color=»#DC5153&#8243; icon_placement=»left» _builder_version=»4.21.0&#8243; _module_preset=»default» global_colors_info=»{}»]</p>
<p>938 92 32 02</p>
<p>[/et_pb_blurb][et_pb_blurb use_icon=»on» font_icon=»&#xf073;||fa||900&#8243; icon_color=»#DC5153&#8243; icon_placement=»left» _builder_version=»4.21.0&#8243; _module_preset=»default» global_colors_info=»{}»]</p>
<p>De lunes a viernes De 9 a 13.30 i de 17.00 a 20.30h</p>
<p>Sábados de 8.30 a 14.00</p>
<p>[/et_pb_blurb][/et_pb_column][/et_pb_row][/et_pb_section]</p>

<p>Cómo comprar desde casaHaz el pedido a través del WhatsApp en el número 675 74 87 83Llámanos a través del número: 938 92 32 02Pago Si solicitas por teléfono o WhatsApp, puedes pagar por bizum o en el momento de la entrega.Recogida en tienda De lunes a viernes de 9 a 13.30 y de 17 [&hellip;]</p>
